 What is the greatest common divisor of z and 46?
46
Let o(t) = 3*t**2 + 10*t - 4. Suppose -2*m - 9 = 1. Let f be o(m). Suppose 18 = s - 3*p, 2*s + 0*p = p + f. What is the greatest common factor of s and 45?
9
Suppose -16*p + 489 = -39. Suppose -4 = -6*d + 8. Suppose -d*f + 9 = 3*k, -18 = -6*f + f - 3*k. What is the greatest common divisor of f and p?
3
Let s(j) = j**3 + 13*j**2 + 7*j - 12. Let n be s(-8). Suppose 12*x + 17 = 53. Calculate the highest common factor of x and n.
3
Let z be 36/(-3)*(62/8 + -4). Let t = 63 + z. Calculate the greatest common factor of 153 and t.
9
Let t be 28/35 - ((-22659)/(-15))/(-13). What is the highest common factor of 1911 and t?
39
Suppose -14*j - j + 5*j = -780. Calculate the greatest common factor of j and 10920.
78
Suppose 237 = -5*q + 797. Let w be (47 - 45)/(2/11). Suppose -5*h = w*h - q. What is the greatest common factor of 7 and h?
7
Suppose 0 = 5*b - 182 + 47. Let k = -4302 + 4317. Calculate the greatest common factor of b and k.
3
Let t be (1 - 5/25)*15/(-2). Let y be (-28)/t*16*(3 - 0). What is the greatest common factor of 28 and y?
28
Let w(r) = r**3 - 11*r**2 + 16*r + 9. Let h be w(5). Let p = h - -111. Let f be (-1 - 24/1)*-5. What is the greatest common factor of p and f?
25
Let q(s) = 9*s + 239. Let p be q(-26). Let l = 3 - 1. Let x be 4 + (27 - (l - 1)). Calculate the highest common divisor of p and x.
5
Let r(f) = 2*f - 6. Let p be (2/(-3) - 186/(-36))*2. Let i be r(p). Let z be (33/i)/((-2)/(-8)). Calculate the highest common factor of 110 and z.
11
Let s(h) be the second derivative of 5*h**4/12 - h**3/2 + 14*h. Let z be s(4). Suppose 0 = -65*n + z*n - 3. What is the greatest common factor of n and 1?
1
Let s = 11 - -82. Suppose u = -u - 4*w - 36, 4*u + w = -s. Let k be (-20)/2*u/16. What is the greatest common divisor of k and 9?
3
Let m be (-1 - (5 + -1))*12. Let i = -324 + 432. Let a = i + m. Calculate the highest common divisor of 12 and a.
12
Let u be -4 + (-16)/(-2) + -268*(-7)/28. Calculate the highest common divisor of u and 781.
71
Suppose -9*i - 21*i = -78510. Suppose -5*z = -1728 - i. What is the highest common factor of z and 79?
79
Suppose -57*t + t - 1232 = -100*t. Calculate the highest common factor of 16996 and t.
28
Let c(m) = 8*m**2 - 5*m + 21. Let u = -517 + 522. Let i be c(u). What is the greatest common divisor of i and 294?
98
Let i = 222 + -196. Suppose -20*b + 134 = -i. Calculate the highest common divisor of 88 and b.
8
Suppose 4*n - 5*n = n. Suppose n = 6*c - 15*c + 288. Let g = c + -13. What is the greatest common divisor of 57 and g?
19
Let x(j) = 3*j - 6. Let q be x(4). Suppose -y = -q*y + 50. Suppose 5*b = -2*r + 7*r - 375, 2*r = 3*b + 155. Calculate the greatest common divisor of y and r.
10
Let h(q) = 164*q**2 - 26*q + 28. Let d be h(1). Calculate the highest common divisor of 166 and d.
166
Let q(d) = 4*d + 33. Let k be q(14). Suppose 0 = 6*z + 5 - k. Calculate the greatest common factor of z and 224.
14
Let n = 4 - 7. Let p(y) = -6*y + 3. Let l be p(n). Let g(o) = o**2 - 310*o - 1253. Let t be g(-4). What is the greatest common factor of l and t?
3
Suppose -28*s + 9*s + 83334 = 0. Calculate the highest common factor of s and 306.
102
Let c be (-4)/6 + (-35)/(-3). Let z = 273 - 248. Suppose -k + 3*t + 95 - z = 0, t + 5 = 0. What is the greatest common divisor of k and c?
11
Let l(b) = -b**2 - 9*b - 10. Let r be l(-7). Let p = -78 - -113. Suppose -r*f - p = -11*f. Calculate the highest common divisor of 50 and f.
5
Suppose -4*s + 126*z - 122*z + 732 = 0, 0 = s - 5*z - 211. Calculate the highest common divisor of 376 and s.
8
Suppose 12 = 3*z, -3 = -b + 3*z - 15. Suppose 2*g - 5*t = 23, b = -3*t - t - 12. Let j be 130/39 - g/(-6). Calculate the highest common factor of j and 6.
2
Let q be (-3)/((-36)/(-16))*(-23)/((-46)/(-12)). Calculate the greatest common factor of 2756 and q.
4
Let t(m) = -m**2 + 16*m - 2. Let k be t(11). Let b(d) = 16*d**2 - 7*d + 10. Let i be b(2). Let u = i - k. Calculate the highest common divisor of 63 and u.
7
Let t(q) = 47*q**2 + 587*q - 34. Let f be t(19). What is the greatest common factor of f and 31?
31
Suppose 4 = 2*n, -n + 5 = 4*a + 3. Suppose -2*v - v + x + 221 = a, -v = -2*x - 82. What is the highest common divisor of 27 and v?
9
Let v be 12/(2820/216 + -13). Calculate the highest common factor of v and 6696.
216
Let h = 221 - 225. Let v(u) = -u + 27. Let n be v(h). What is the highest common factor of 341 and n?
31
Let y = 5510 + -5380. What is the highest common factor of 182 and y?
26
Let g(t) = -4306*t - 5937. Let j be g(-3). What is the greatest common factor of j and 273?
39
Let c(x) = -497*x - 495. Let o be c(-1). Calculate the highest common factor of o and 128.
2
Suppose -128 = 802*k - 804*k. Suppose -9*h - 799 + 4543 = 0. What is the greatest common divisor of h and k?
32
Let n be 1620/(-12)*(2 + (-3 - 4)). Let d be (1 - (0 + 197))*n/(-108). Calculate the greatest common factor of d and 25.
25
Let w(p) = -2*p**2 - 17*p + 12. Let q be w(-9). Suppose -t + 540 + 528 = 3*y, y = q*t - 3244. What is the highest common divisor of t and 40?
40
Suppose -3 = 4*m + 1, 3*m = l - 1063. Let k be (-9)/15*(-20 + -10) + 2. What is the greatest common divisor of k and l?
20
Let d be (430/(-172) - (-7082)/4)*1. What is the greatest common divisor of d and 1144?
104
Let k(f) = -25*f**3 - 3*f**2 - 5*f - 11. Let l be k(-2). Suppose 28*p - l = 933. Calculate the highest common divisor of 360 and p.
40
Suppose i = -5*z + 99 - 86, -2*z - i = -4. What is the greatest common divisor of 59 and z?
1
Let l = -18155 + 19148. What is the greatest common factor of l and 12?
3
Let s(v) = -203*v - 70. Let i be s(-5). Calculate the highest common divisor of 15 and i.
15
Let q(s) = -5*s**2 + 27. Let d be q(-8). Let w = 310 + d. What is the highest common factor of w and 34?
17
Let z(i) = 3*i**2 - 5*i + 2. Let l be z(8). Let v be (1442/(-3605))/(-1*(1 + 162/(-165))). What is the highest common factor of l and v?
22
Suppose 0 = -3*g + 449 + 640. Suppose x = 5*h + g - 110, 8 = 2*h. What is the highest common divisor of x and 21?
21
Suppose 7151 + 3069 = 189*h + 103*h. What is the greatest common divisor of 3269 and h?
7
Suppose 774 = -19*m + 2446. Calculate the highest common factor of 242 and m.
22
Let s be 8/(-6) - (-6 + 3488/(-24)). Suppose -2*g = -2*r + 144, 0*r = -r - 3*g + 84. What is the greatest common factor of r and s?
75
Suppose -t - j + 33 = 3, -t + 5*j = -30. Calculate the greatest common divisor of 6120 and t.
30
Let t be (41/(-2))/((-1)/5*(-35)/(-42)). What is the greatest common factor of t and 22017?
123
Let l(f) = -7*f - f**2 - 13*f - 2*f + 28. Let i = -1795 - -1777. Let h be l(i). Calculate the highest common factor of h and 20.
20
Let w = -6160 + 6322. Suppose -h - 3 = 2, -4*s + 124 = 4*h. What is the greatest common factor of s and w?
18
Suppose 17*u - 16*u = 15*u - 1400. What is the greatest common factor of 35 and u?
5
Let f be ((-18)/(-60))/(3/70). Calculate the highest common factor of f and 749.
7
Suppose -307 = 4*u - 3*n, -2*u - 3*n + n = 150. Let l = -128 - u. Let v = l + 66. Calculate the highest common divisor of 21 and v.
7
Let k(n) = -248*n + 571. Let a be k(-3). What is the highest common factor of 55 and a?
5
Let z = 842 + -788. Let f be (-1 - (-70)/(-8))/(z/(-2448)). What is the greatest common factor of f and 102?
34
Let w be (28 - (-11584)/(-416)) + 22462/13. Calculate the highest common divisor of 2112 and w.
192
Let v be ((160/(-12))/2)/(2/6). Let p(g) = g + 19. Let y be p(v). Let c = 15 + y. What is the highest common divisor of 112 and c?
14
Let u(i) = -i**2 + i - 1. Let s(y) = 6*y**2 + 8*y - 17. Let x(t) = -s(t) - 5*u(t). Let v be x(-8). Calculate the highest common factor of v and 124.
62
Let w = 293 - 301. Let o be w + 127 - (4 - 11). What is the greatest common divisor of o and 168?
42
Suppose 0 = -22*r + 6*r + 9*r + 5236. Calculate the greatest common factor of r and 132.
44
Suppose -8 = -7*l + 3*l. Suppose -6*x + l*x + 2288 = 0. Let s = x - 252. Calculate the highest common divisor of s and 40.
40
Suppose -4*j + 157 = w, -5*j + 191 = -0*j + 3*w. Let r = -389 + 385. Let t be 160/14*(-70)/r. Calculate the greatest common factor of j and t.
40
Suppose -493*c + 499*c = 144. Suppose -c*o = -2226 - 174. Sup